+ 2b?
e90
In base 15, what is 22be4 - -2?
22be6
In base 5, what is 214 + 23212?
23431
In base 4, what is -20010302 - 1?
-20010303
In base 3, what is 10 - -2000220221?
2000221001
In base 6, what is 1400 + 24?
1424
In base 4, what is -10 - 30103003?
-30103013
In base 5, what is -10 - -113324?
113314
In base 3, what is -1021 + -102000?
-110021
In base 13, what is b2 - 1b9?
-107
In base 7, what is -110524 - 2?
-110526
In base 7, what is -15 + 13?
-2
In base 12, what is 14b01a - -4?
14b022
In base 15, what is c + 181a?
1827
In base 10, what is 447 - 9974?
-9527
In base 9, what is -26356 - 2?
-26358
In base 11, what is 3 - -538496?
538499
In base 16, what is 460 + -4ee?
-8e
In base 16, what is -35472 - -2?
-35470
In base 4, what is 1301223110 + -21?
1301223023
In base 3, what is -1011202 - -211211?
-22221
In base 16, what is 4 + 476a3?
476a7
In base 4, what is 21112 - -13320?
101032
In base 4, what is 2 + 1011000013?
1011000021
In base 5, what is -100032 + -10?
-100042
In base 5, what is -11 + 401002?
400441
In base 6, what is 14 + 431415?
431433
In base 12, what is 5b495 + -1?
5b494
In base 12, what is 4b68b - -1?
4b690
In base 5, what is -240121 - -1?
-240120
In base 13, what is 1a7 + -5?
1a2
In base 4, what is -132 + 333?
201
In base 16, what is de8c + -1?
de8b
In base 10, what is 17972 + 37?
18009
In base 9, what is 467 + -7687?
-7220
In base 15, what is -a68 - b?
-a74
In base 13, what is 2 - 353?
-351
In base 9, what is 2 - -2265421?
2265423
In base 2, what is -10 - 10111001101011001?
-10111001101011011
In base 14, what is 2 + 88b0?
88b2
In base 5, what is -2 - -310400?
310343
In base 16, what is -e3 + -7ed?
-8d0
In base 4, what is 32133331 - 33?
32133232
In base 14, what is 15b27 + 2?
15b29
In base 3, what is -100 + -2220?
-10020
In base 12, what is 16 - 6b74?
-6b5a
In base 4, what is 31203 - -13103?
110312
In base 7, what is 1216 - -135?
1354
In base 13, what is 15a1 + -3?
159b
In base 2, what is 11000101011111110 - -10101?
11000101100010011
In base 5, what is 11 + -240304?
-240243
In base 11, what is 1339 - 18?
1321
In base 15, what is -4 - -3d196?
3d192
In base 7, what is 114 - 145?
-31
In base 5, what is 1 - -32122240?
32122241
In base 14, what is 4 - -221953?
221957
In base 10, what is 900 - 47?
853
In base 15, what is -2 - 3908?
-390a
In base 9, what is -2 - -1547184?
1547182
In base 3, what is 12 + 1122010121?
1122010210
In base 16, what is 1a1e + 5e?
1a7c
In base 6, what is 354355 - 25?
354330
In base 2, what is 100001011011111 - 1?
100001011011110
In base 10, what is -10075 + 1?
-10074
In base 6, what is 35 + 15153?
15232
In base 4, what is -130 + -201?
-331
In base 5, what is -3101013 + -22?
-3101040
In base 14, what is 122a - -b?
1237
In base 4, what is -11003022 + -30?
-11003112
In base 8, what is 155651 - 10?
155641
In base 16, what is -375 - f5?
-46a
In base 6, what is -24 - -533?
505
In base 11, what is -13a4 - -27?
-1378
In base 8, what is 65540 + -22?
65516
In base 11, what is -134 - -10731?
105a8
In base 4, what is -1311032 - -1?
-1311031
In base 15, what is -22ce8 + 2?
-22ce6
In base 10, what is 2 - -25126?
25128
In base 2, what is -11100110111000 + -11111?
-11100111010111
In base 15, what is 3 + -b42?
-b3e
In base 7, what is 13226503 + -2?
13226501
In base 10, what is -1 - -16599?
16598
In base 2, what is -11110100011 + 101010?
-11101111001
In base 2, what is 11011 - 1011111100?
-1011100001
In base 13, what is -b9 - -a?
-ac
In base 2, what is -100100100001011 - 10001?
-100100100011100
In base 4, what is 11 + 230013111?
230013122
In base 3, what is -20001220 - 22?
-20002012
In base 13, what is -2 - -5ba2?
5ba0
In base 13, what is -8 - -938?
930
In base 5, what is 12202442 - -4?
12203001
In base 7, what is 152232 + 5?
152240
In base 5, what is -104 + -431214?
-431323
In base 4, what is 230311213 + 110?
230311323
In base 8, what is -7611 + -504?
-10315
In base 11, what is 3a - 530?
-4a1
In base 13, what is -16527 + -8?
-16532
In base 15, what is -544 + 191e?
13ca
In base 8, what is 15 - 6611?
-6574
In base 10, what is 3552 - -310?
3862
In base 6, what is -13413 - -212?
-13201
In base 2, what is 1100 + 1000100100011?
1000100101111
In base 8, what is -2 - -434763?
434761
In base 14, what is -3 + 13193?
13190
In base 5, what is 101 + -13011?
-12410
In base 2, what is 1000101001010111 - 11?
1000101001010100
In base 5, what is 3 - 13423202?
-13423144
In base 10, what is 6 - -3269?
3275
In base 3, what is 110 - 1122121?
-1122011
In base 4, what is 302000 + 121321?
1023321
In base 6, what is 1415400 - -45?
1415445
In base 10, what is -2699 + 26?
-2673
In base 15, what is 29eb1 - 3?
29ead
In base 9, what is 4 + 57252?
57256
In base 16, what is a9952 - 5?
a994d
In base 6, what is 11 + -1200?
-1145
In base 6, what is -45 - -1102000?
1101511
In base 10, what is 5 + 275884?
275889
In base 7, what is -235040 + 4?
-235033
In base 7, what is -142035 + 10?
-142025
In base 5, what is 4213 - -13232?
23000
In base 11, what is 1 - -373245?
373246
In base 7, what is -253060 - -134?
-252623
In base 9, what is 42207 + -2?
42205
In base 15, what is 26375 - 2?
26373
In base 15, what is -5 + -ae31?
-ae36
In base 8, what is -4667 + 44?
-4623
In base 12, what is -10 + -7536?
-7546
In base 7, what is -4 - -53225?
53221
In base 13, what is 5 - -15cb3?
15cb8
In base 10, what is 24 + 330?
354
In base 15, what is 39 - 2b4?
-27a
In base 14, what is 857 + -6ac?
189
In base 15, what is 2e41e + 4?
2e423
In base 5, what is 3130421 + 1?
3130422
In base 8, what is -11 + -16423?
-16434
In base 12, what is 4b8 + -619?
-121
In base 3, what is -1022001102 - 10?
-1022001112
In base 14, what is -58 + 300?
286
In base 8, what is 202 + -107?
73
In base 10, what is -7 - -2103?
2096
In base 6, what is -34212 - -1?
-34211
In base 2, what is -1011110111001010 + 10111?
-1011110110110011
In base 16, what is -423 + -31?
-454
In base 8, what is 4065 + -64?
4001
In base 7, what is -26 - -13062?
13033
In base 5, what is 102023 - -121?
102144
In base 11, what is -3 + -27a1a?
-27a22
In base 11, what is 14 - -2609?
2622
In base 15, what is -94923 + 9?
-94919
In base 10, what is -4378 + 60?
-4318
In base 5, what is -3443 + -332?
-4330
In base 13, what is -28 - 189?
-1b4
In base 14, what is 0 - 3d2b?
-3d2b
In base 8, what is -27 + 77215?
77166
In base 10, what is -155792 + -2?
-155794
In base 16, what is -374 + -a6?
-41a
In base 10, what is -94358 + -9?
-94367
In base 16, what is -ae6 - 8?
-aee
In base 5, what is 3202 + 14304?
23011
In base 6, what is 20301 + -101?
20200
In base 11, what is -15 + 68a7?
6892
In base 11, what is 113 - 210a?
-1aa7
In base 13, what is -b + -196?
-1a4
In base 6, what is -5 + -253531?
-253540
In base 4, what is -122223 + -1031?
-123320
In base 9, what is 847 + 126?
1074
In base 7, what is 2321 - -4303?
6624
In base 14, what is 72 - a82?
-a10
In base 11, what is -13624a + -4?
-136253
In base 5, what is 412112 + -123?
411434
In base 2, what is 11101010111111111 + 1?
11101011000000000
In base 10, what is -54 - 1990?
-2044
In base 6, what is 10113 + -211?
5502
In base 14, what is -42522b - 2?
-42522d
In base 5, what is -230002 - -11?
-224441
In base 13, what is 5c + 394?
423
In base 4, what is 1 - -121031102?
121031103
In base 9, what is -135 - -288?
153
In base 13, what is -3 + -8a10?
-8a13
In base 3, what is 10220 - 1122012?
-1111022
In base 15, what is 69b - 4?
697
In base 3, what is 1002002001011 - -12?
1002002001100
In base 6, what is 211303 + 513?
212220
In base 7, what is 36 + 110?
146
In base 14, what is -5 + -8377?
-837c
In base 5, what is 2 - -240304?
240311
In base 4, what is -2131 + 23231?
21100
In base 6, what is -2214 + 52211?
45553
In base 15, what is -33a + 9?
-331
In base 7, what is -3 - -113314?
113311
In base 8, what is 3071 - -63?
3154
In base 11, what is -1011a - 51?
-10170
In base 9, what is -1356368 + 1?
-1356367
In base 13, what is -349 - c63?
-12ac
In base 10, what is 38473 - 2?
38471
In base 14, what is -278db + -9?
-27906
In base 8, what is 15 + 7?
24
In base 5, what is -2204343 - 4?
-2204402
In base 2, what is 11101100100111011000001 - 1?
11101100100111011000000
In base 15, what is -87 - 200?
-287
In base 3, what is 12 - 11020211?
-11020122
In base 3, what is 10221121101 + -12?
10221121012
In base 10, what is 8046 + -83?
7963
In bas